{"id":401,"date":"2019-09-03T12:01:30","date_gmt":"2019-09-03T15:01:30","guid":{"rendered":"https:\/\/fhservitec.com.br\/Site\/?page_id=401"},"modified":"2019-09-03T13:06:25","modified_gmt":"2019-09-03T16:06:25","slug":"industria","status":"publish","type":"page","link":"https:\/\/fhservitec.com.br\/Site\/industria\/","title":{"rendered":"INDUSTRIAIS"},"content":{"rendered":"\n<div class=\"wp-block-media-text alignwide has-media-on-the-right has-very-light-gray-background-color\" style=\"grid-template-columns:auto 35%\"><figure class=\"wp-block-media-text__media\"><img data-recalc-dims=\"1\" loading=\"lazy\" decoding=\"async\" width=\"417\" height=\"625\" src=\"https:\/\/i0.wp.com\/fhservitec.com.br\/Site\/wp-content\/uploads\/2018\/10\/industrial.jpg?resize=417%2C625&#038;ssl=1\" alt=\"\" class=\"wp-image-78\" srcset=\"https:\/\/i0.wp.com\/fhservitec.com.br\/Site\/wp-content\/uploads\/2018\/10\/industrial.jpg?w=417&amp;ssl=1 417w, https:\/\/i0.wp.com\/fhservitec.com.br\/Site\/wp-content\/uploads\/2018\/10\/industrial.jpg?resize=200%2C300&amp;ssl=1 200w\" sizes=\"auto, (max-width: 417px) 100vw, 417px\" \/><\/figure><div class=\"wp-block-media-text__content\">\n<h4 class=\"wp-block-heading\">PROJETOS DIRECIONADOS PARA IND\u00daSTRIA <\/h4>\n\n\n\n<ul class=\"wp-block-list\"><li>Sinaliza\u00e7\u00e3o de Seguran\u00e7a &#8211; NR 26\/NBR 13434.<\/li><li>Projetos em Gest\u00e3o da Manuten\u00e7\u00e3o &#8211; (Mapeamento, identifica\u00e7\u00e3o, FMEA, T\u00e9cnicas de An\u00e1lise Preditiva, Documenta\u00e7\u00e3o e Registros, Treinamentos e Acompanhamento da Implanta\u00e7\u00e3o).<\/li><li>Projeto de sistemas hidr\u00e1ulicos e pneum\u00e1ticos.<\/li><li>Projeto de filtros auto-limpantes com painel de comando.<\/li><li>Treinamentos em Instrumentos de Medi\u00e7\u00e3o e Toler\u00e2ncia Dimensional (Metrologia), CNC, manipula\u00e7\u00e3o de softwares CAM (BobCAD-CAM e ArtCAM).<\/li><li>Projetos de matrizes e estampo de corte.<\/li><li>Projeto e avalia\u00e7\u00e3o de vasos de press\u00e3o e caldeiras.<\/li><li>Projetos de sistemas de aferi\u00e7\u00e3o e calibra\u00e7\u00e3o de dispositivos de medi\u00e7\u00e3o press\u00e3o.<\/li><li>Projetos de Seguran\u00e7a Contra Inc\u00eandio e P\u00e2nico comerciais e industriais.<\/li><\/ul>\n<\/div><\/div>\n","protected":false},"excerpt":{"rendered":"<p>PROJETOS DIRECIONADOS PARA IND\u00daSTRIA Sinaliza\u00e7\u00e3o de Seguran\u00e7a &#8211; NR 26\/NBR 13434. Projetos em Gest\u00e3o da Manuten\u00e7\u00e3o &#8211; (Mapeamento, identifica\u00e7\u00e3o, FMEA, T\u00e9cnicas de An\u00e1lise Preditiva, Documenta\u00e7\u00e3o e Registros, Treinamentos e Acompanhamento da Implanta\u00e7\u00e3o). Projeto de sistemas hidr\u00e1ulicos e pneum\u00e1ticos. Projeto de filtros auto-limpantes com painel de comando. Treinamentos em Instrumentos de Medi\u00e7\u00e3o e Toler\u00e2ncia Dimensional (Metrologia),&hellip; <br \/> <a class=\"read-more\" href=\"https:\/\/fhservitec.com.br\/Site\/industria\/\">Leia mais<\/a><\/p>\n","protected":false},"author":1,"featured_media":0,"parent":0,"menu_order":0,"comment_status":"closed","ping_status":"closed","template":"","meta":{"jetpack_post_was_ever_published":false,"footnotes":""},"class_list":["post-401","page","type-page","status-publish","hentry"],"jetpack_sharing_enabled":true,"jetpack_shortlink":"https:\/\/wp.me\/PaUeSc-6t","_links":{"self":[{"href":"https:\/\/fhservitec.com.br\/Site\/wp-json\/wp\/v2\/pages\/401","targetHints":{"allow":["GET"]}}],"collection":[{"href":"https:\/\/fhservitec.com.br\/Site\/wp-json\/wp\/v2\/pages"}],"about":[{"href":"https:\/\/fhservitec.com.br\/Site\/wp-json\/wp\/v2\/types\/page"}],"author":[{"embeddable":true,"href":"https:\/\/fhservitec.com.br\/Site\/wp-json\/wp\/v2\/users\/1"}],"replies":[{"embeddable":true,"href":"https:\/\/fhservitec.com.br\/Site\/wp-json\/wp\/v2\/comments?post=401"}],"version-history":[{"count":3,"href":"https:\/\/fhservitec.com.br\/Site\/wp-json\/wp\/v2\/pages\/401\/revisions"}],"predecessor-version":[{"id":407,"href":"https:\/\/fhservitec.com.br\/Site\/wp-json\/wp\/v2\/pages\/401\/revisions\/407"}],"wp:attachment":[{"href":"https:\/\/fhservitec.com.br\/Site\/wp-json\/wp\/v2\/media?parent=401"}],"curies":[{"name":"wp","href":"https:\/\/api.w.org\/{rel}","templated":true}]}}