{"id":560,"date":"2019-11-29T15:40:23","date_gmt":"2019-11-29T18:40:23","guid":{"rendered":"https:\/\/fhservitec.com.br\/Site\/?page_id=560"},"modified":"2019-11-29T15:42:35","modified_gmt":"2019-11-29T18:42:35","slug":"vistorias","status":"publish","type":"page","link":"https:\/\/fhservitec.com.br\/Site\/vistorias\/","title":{"rendered":"VISTORIAS"},"content":{"rendered":"\n<p>Oferecemos os servi\u00e7os de vistorias prediais e de ve\u00edculos, realizadas por equipe treinada e com crit\u00e9rios t\u00e9cnicos, acompanhadas do devido registro de responsabilidade t\u00e9cnica (RRT\/CAU e ART\/CREA). <\/p>\n\n\n\n<p>O servi\u00e7o \u00e9 oferecido tanto para pessoas f\u00edsicas ou jur\u00eddicas. Entre em contato e solicite uma proposta.<\/p>\n\n\n\n<div class=\"wp-block-themeisle-blocks-advanced-columns has-2-columns has-desktop-equal-layout has-tablet-equal-layout has-mobile-collapsedRows-layout has-default-gap has-vertical-unset\" id=\"wp-block-themeisle-blocks-advanced-columns-01c532ec\" style=\"border-width:0px;border-style:solid;border-color:#000000;border-radius:0px;justify-content:unset\"><div class=\"wp-themeisle-block-overlay\" style=\"opacity:0.5;mix-blend-mode:normal\"><\/div><div class=\"innerblocks-wrap\">\n<div class=\"wp-block-themeisle-blocks-advanced-column\" id=\"wp-block-themeisle-blocks-advanced-column-3b1944f3\" style=\"border-width:0px;border-style:solid;border-color:#000000;border-radius:0px\">\n<p><strong>VISTORIAS PREDIAIS<\/strong><\/p>\n\n\n\n<ul class=\"wp-block-list\"><li>Aluguel de im\u00f3veis;<\/li><li>Compra de im\u00f3veis;<\/li><li>Avalia\u00e7\u00f5es;<\/li><li>Avalia\u00e7\u00e3o de seguradora<\/li><\/ul>\n\n\n\n<figure class=\"wp-block-image is-resized\"><img data-recalc-dims=\"1\" loading=\"lazy\" decoding=\"async\" src=\"https:\/\/i0.wp.com\/fhservitec.com.br\/Site\/wp-content\/uploads\/2019\/11\/WhatsApp-Image-2019-11-27-at-12.58.33.jpeg?resize=170%2C227&#038;ssl=1\" alt=\"\" class=\"wp-image-562\" width=\"170\" height=\"227\" srcset=\"https:\/\/i0.wp.com\/fhservitec.com.br\/Site\/wp-content\/uploads\/2019\/11\/WhatsApp-Image-2019-11-27-at-12.58.33.jpeg?resize=768%2C1024&amp;ssl=1 768w, https:\/\/i0.wp.com\/fhservitec.com.br\/Site\/wp-content\/uploads\/2019\/11\/WhatsApp-Image-2019-11-27-at-12.58.33.jpeg?resize=225%2C300&amp;ssl=1 225w, https:\/\/i0.wp.com\/fhservitec.com.br\/Site\/wp-content\/uploads\/2019\/11\/WhatsApp-Image-2019-11-27-at-12.58.33.jpeg?resize=810%2C1080&amp;ssl=1 810w, https:\/\/i0.wp.com\/fhservitec.com.br\/Site\/wp-content\/uploads\/2019\/11\/WhatsApp-Image-2019-11-27-at-12.58.33.jpeg?resize=600%2C800&amp;ssl=1 600w, https:\/\/i0.wp.com\/fhservitec.com.br\/Site\/wp-content\/uploads\/2019\/11\/WhatsApp-Image-2019-11-27-at-12.58.33.jpeg?w=869&amp;ssl=1 869w\" sizes=\"auto, (max-width: 170px) 100vw, 170px\" \/><\/figure>\n<\/div>\n\n\n\n<div class=\"wp-block-themeisle-blocks-advanced-column\" id=\"wp-block-themeisle-blocks-advanced-column-8b0c1325\" style=\"border-width:0px;border-style:solid;border-color:#000000;border-radius:0px\">\n<p><strong>VISTORIAS DE VE\u00cdCULOS<\/strong><\/p>\n\n\n\n<ul class=\"wp-block-list\"><li>Laudo de desmonte;<\/li><li>Laudo de recuperabilidade;<\/li><li>Laudo de sinistro.<\/li><\/ul>\n\n\n\n<figure class=\"wp-block-image\"><img data-recalc-dims=\"1\" loading=\"lazy\" decoding=\"async\" width=\"432\" height=\"288\" src=\"https:\/\/i0.wp.com\/fhservitec.com.br\/Site\/wp-content\/uploads\/2018\/10\/detran.jpg?resize=432%2C288&#038;ssl=1\" alt=\"\" class=\"wp-image-77\" srcset=\"https:\/\/i0.wp.com\/fhservitec.com.br\/Site\/wp-content\/uploads\/2018\/10\/detran.jpg?w=432&amp;ssl=1 432w, https:\/\/i0.wp.com\/fhservitec.com.br\/Site\/wp-content\/uploads\/2018\/10\/detran.jpg?resize=300%2C200&amp;ssl=1 300w\" sizes=\"auto, (max-width: 432px) 100vw, 432px\" \/><\/figure>\n<\/div>\n<\/div><\/div>\n","protected":false},"excerpt":{"rendered":"<p>Oferecemos os servi\u00e7os de vistorias prediais e de ve\u00edculos, realizadas por equipe treinada e com crit\u00e9rios t\u00e9cnicos, acompanhadas do devido registro de responsabilidade t\u00e9cnica (RRT\/CAU e ART\/CREA). O servi\u00e7o \u00e9 oferecido tanto para pessoas f\u00edsicas ou jur\u00eddicas. Entre em contato e solicite uma proposta.<\/p>\n","protected":false},"author":1,"featured_media":0,"parent":0,"menu_order":0,"comment_status":"closed","ping_status":"closed","template":"","meta":{"jetpack_post_was_ever_published":false,"footnotes":""},"class_list":["post-560","page","type-page","status-publish","hentry"],"jetpack_sharing_enabled":true,"jetpack_shortlink":"https:\/\/wp.me\/PaUeSc-92","_links":{"self":[{"href":"https:\/\/fhservitec.com.br\/Site\/wp-json\/wp\/v2\/pages\/560","targetHints":{"allow":["GET"]}}],"collection":[{"href":"https:\/\/fhservitec.com.br\/Site\/wp-json\/wp\/v2\/pages"}],"about":[{"href":"https:\/\/fhservitec.com.br\/Site\/wp-json\/wp\/v2\/types\/page"}],"author":[{"embeddable":true,"href":"https:\/\/fhservitec.com.br\/Site\/wp-json\/wp\/v2\/users\/1"}],"replies":[{"embeddable":true,"href":"https:\/\/fhservitec.com.br\/Site\/wp-json\/wp\/v2\/comments?post=560"}],"version-history":[{"count":4,"href":"https:\/\/fhservitec.com.br\/Site\/wp-json\/wp\/v2\/pages\/560\/revisions"}],"predecessor-version":[{"id":567,"href":"https:\/\/fhservitec.com.br\/Site\/wp-json\/wp\/v2\/pages\/560\/revisions\/567"}],"wp:attachment":[{"href":"https:\/\/fhservitec.com.br\/Site\/wp-json\/wp\/v2\/media?parent=560"}],"curies":[{"name":"wp","href":"https:\/\/api.w.org\/{rel}","templated":true}]}}