{"id":568,"date":"2019-11-29T16:28:03","date_gmt":"2019-11-29T19:28:03","guid":{"rendered":"https:\/\/fhservitec.com.br\/Site\/?page_id=568"},"modified":"2019-11-29T16:33:04","modified_gmt":"2019-11-29T19:33:04","slug":"agendamento-de-vistoria-veicular","status":"publish","type":"page","link":"https:\/\/fhservitec.com.br\/Site\/agendamento-de-vistoria-veicular\/","title":{"rendered":"AGENDAMENTO DE VISTORIA VEICULAR"},"content":{"rendered":"\n<div class=\"wp-block-themeisle-blocks-advanced-columns has-1-columns has-desktop-equal-layout has-tablet-equal-layout has-mobile-equal-layout has-default-gap has-vertical-unset\" id=\"wp-block-themeisle-blocks-advanced-columns-251e93eb\" style=\"border-width:0px;border-style:solid;border-color:#000000;border-radius:0px;justify-content:unset\"><div class=\"wp-themeisle-block-overlay\" style=\"opacity:0.5;mix-blend-mode:normal\"><\/div><div class=\"innerblocks-wrap\">\n<div class=\"wp-block-themeisle-blocks-advanced-column\" id=\"wp-block-themeisle-blocks-advanced-column-97e6930c\" style=\"border-width:0px;border-style:solid;border-color:#000000;border-radius:0px\">\n<div class=\"wpforms-container wpforms-container-full\" id=\"wpforms-198\"><form id=\"wpforms-form-198\" class=\"wpforms-validate wpforms-form\" data-formid=\"198\" method=\"post\" enctype=\"multipart\/form-data\" action=\"\/Site\/wp-json\/wp\/v2\/pages\/568\" data-token=\"6927152d50330dda1b97202a3c92c4fa\" data-token-time=\"1777488667\"><noscript class=\"wpforms-error-noscript\">Ative o JavaScript no seu navegador para preencher este formul\u00e1rio.<\/noscript><div class=\"wpforms-field-container\"><div id=\"wpforms-198-field_0-container\" class=\"wpforms-field wpforms-field-name\" data-field-id=\"0\"><label class=\"wpforms-field-label\" for=\"wpforms-198-field_0\">Nome<\/label><input type=\"text\" id=\"wpforms-198-field_0\" class=\"wpforms-field-large\" name=\"wpforms[fields][0]\" ><\/div><div id=\"wpforms-198-field_3-container\" class=\"wpforms-field wpforms-field-text\" data-field-id=\"3\"><label class=\"wpforms-field-label\" for=\"wpforms-198-field_3\">Empresa <span class=\"wpforms-required-label\">*<\/span><\/label><input type=\"text\" id=\"wpforms-198-field_3\" class=\"wpforms-field-medium wpforms-field-required\" name=\"wpforms[fields][3]\" required><\/div><div id=\"wpforms-198-field_5-container\" class=\"wpforms-field wpforms-field-number\" data-field-id=\"5\"><label class=\"wpforms-field-label\" for=\"wpforms-198-field_5\">Telefone de Contato <span class=\"wpforms-required-label\">*<\/span><\/label><input type=\"number\" id=\"wpforms-198-field_5\" class=\"wpforms-field-medium wpforms-field-required\" name=\"wpforms[fields][5]\" step=\"any\" required><\/div><div id=\"wpforms-198-field_4-container\" class=\"wpforms-field wpforms-field-number\" data-field-id=\"4\"><label class=\"wpforms-field-label\" for=\"wpforms-198-field_4\">CNPJ<\/label><input type=\"number\" id=\"wpforms-198-field_4\" class=\"wpforms-field-medium\" name=\"wpforms[fields][4]\" step=\"any\" ><\/div><div id=\"wpforms-198-field_1-container\" class=\"wpforms-field wpforms-field-email\" data-field-id=\"1\"><label class=\"wpforms-field-label\" for=\"wpforms-198-field_1\">Email<\/label><input type=\"email\" id=\"wpforms-198-field_1\" class=\"wpforms-field-large\" name=\"wpforms[fields][1]\" spellcheck=\"false\" ><\/div><div id=\"wpforms-198-field_11-container\" class=\"wpforms-field wpforms-field-select wpforms-field-select-style-classic\" data-field-id=\"11\"><label class=\"wpforms-field-label\" for=\"wpforms-198-field_11\">N\u00famero de ve\u00edculos para a vistoria <span class=\"wpforms-required-label\">*<\/span><\/label><select id=\"wpforms-198-field_11\" class=\"wpforms-field-medium wpforms-field-required\" name=\"wpforms[fields][11]\" required=\"required\"><option value=\"3\"  class=\"choice-1 depth-1\"  >3<\/option><option value=\"4\"  class=\"choice-20 depth-1\"  >4<\/option><option value=\"5\"  class=\"choice-21 depth-1\"  >5<\/option><option value=\"6\"  class=\"choice-22 depth-1\"  >6<\/option><option value=\"7\"  class=\"choice-23 depth-1\"  >7<\/option><option value=\"8\"  class=\"choice-24 depth-1\"  >8<\/option><option value=\"9\"  class=\"choice-25 depth-1\"  >9<\/option><option value=\"10\"  class=\"choice-26 depth-1\"  >10<\/option><option value=\"11\"  class=\"choice-27 depth-1\"  >11<\/option><option value=\"12\"  class=\"choice-28 depth-1\"  >12<\/option><option value=\"13\"  class=\"choice-29 depth-1\"  >13<\/option><option value=\"14\"  class=\"choice-30 depth-1\"  >14<\/option><option value=\"15\"  class=\"choice-31 depth-1\"  >15<\/option><option value=\"16\"  class=\"choice-32 depth-1\"  >16<\/option><option value=\"17\"  class=\"choice-33 depth-1\"  >17<\/option><option value=\"18\"  class=\"choice-34 depth-1\"  >18<\/option><option value=\"19\"  class=\"choice-35 depth-1\"  >19<\/option><option value=\"20\"  class=\"choice-36 depth-1\"  >20<\/option><option value=\"acima de 20\"  class=\"choice-37 depth-1\"  >acima de 20<\/option><\/select><\/div><div id=\"wpforms-198-field_10-container\" class=\"wpforms-field wpforms-field-text\" data-field-id=\"10\"><label class=\"wpforms-field-label\" for=\"wpforms-198-field_10\">Data de disponibilidade dos ve\u00edculos para vistoria <span class=\"wpforms-required-label\">*<\/span><\/label><input type=\"text\" id=\"wpforms-198-field_10\" class=\"wpforms-field-medium wpforms-field-required\" name=\"wpforms[fields][10]\" required><\/div><div id=\"wpforms-198-field_12-container\" class=\"wpforms-field wpforms-field-checkbox\" data-field-id=\"12\"><label class=\"wpforms-field-label\">Estou ciente que: <span class=\"wpforms-required-label\">*<\/span><\/label><ul id=\"wpforms-198-field_12\" class=\"wpforms-field-required\"><li class=\"choice-1 depth-1\"><input type=\"checkbox\" id=\"wpforms-198-field_12_1\" name=\"wpforms[fields][12][]\" value=\"O agendamento ser\u00e1 confirmado por e-mail em at\u00e9 48h \u00fateis. O preenchimento deste formul\u00e1rio n\u00e3o implica o agendamento da data requerida. As vistorias para laudo devem ser agendadas com no m\u00ednimo 48h \u00fateis de anteced\u00eancia, e est\u00e3o sujeitas \u00e0 disponibilidade da equipe para a regi\u00e3o. Prazo m\u00e1ximo de agendamento \u00e9 de 7 dias \u00fateis; o prazo de elabora\u00e7\u00e3o do laudo \u00e9 de 5 dias \u00fateis ap\u00f3s a vistoria e pagamento do boleto banc\u00e1rio. O respons\u00e1vel t\u00e9cnico n\u00e3o \u00e9 respons\u00e1vel pelos prazos de entrega, baixa, emiss\u00e3o de nota ou quaisquer outros estabelecidos por lei ou pelo DETRAN MG, cabendo ao contratante o aviso pr\u00e9vio e o agendamento para que n\u00e3o haja atrasos nos prazos que o estabelecimento possui. As pe\u00e7as rastre\u00e1veis devem estar dispon\u00edveis para avalia\u00e7\u00e3o, pr\u00f3ximas do ve\u00edculo. \u00c9 obrigat\u00f3rio o envio das notas de baixa, entrada ou arremate para vistoria@fhservitec.com.br .\" required ><label class=\"wpforms-field-label-inline\" for=\"wpforms-198-field_12_1\">O agendamento ser\u00e1 confirmado por e-mail em at\u00e9 48h \u00fateis. O preenchimento deste formul\u00e1rio n\u00e3o implica o agendamento da data requerida. As vistorias para laudo devem ser agendadas com no m\u00ednimo 48h \u00fateis de anteced\u00eancia, e est\u00e3o sujeitas \u00e0 disponibilidade da equipe para a regi\u00e3o. Prazo m\u00e1ximo de agendamento \u00e9 de 7 dias \u00fateis; o prazo de elabora\u00e7\u00e3o do laudo \u00e9 de 5 dias \u00fateis ap\u00f3s a vistoria e pagamento do boleto banc\u00e1rio. O respons\u00e1vel t\u00e9cnico n\u00e3o \u00e9 respons\u00e1vel pelos prazos de entrega, baixa, emiss\u00e3o de nota ou quaisquer outros estabelecidos por lei ou pelo DETRAN MG, cabendo ao contratante o aviso pr\u00e9vio e o agendamento para que n\u00e3o haja atrasos nos prazos que o estabelecimento possui. As pe\u00e7as rastre\u00e1veis devem estar dispon\u00edveis para avalia\u00e7\u00e3o, pr\u00f3ximas do ve\u00edculo. \u00c9 obrigat\u00f3rio o envio das notas de baixa, entrada ou arremate para vistoria@fhservitec.com.br .<\/label><\/li><\/ul><\/div><\/div><!-- .wpforms-field-container --><div class=\"wpforms-field wpforms-field-hp\"><label for=\"wpforms-198-field-hp\" class=\"wpforms-field-label\">Phone<\/label><input type=\"text\" name=\"wpforms[hp]\" id=\"wpforms-198-field-hp\" class=\"wpforms-field-medium\"><\/div><div class=\"wpforms-submit-container\" ><input type=\"hidden\" name=\"wpforms[id]\" value=\"198\"><input type=\"hidden\" name=\"page_title\" value=\"\"><input type=\"hidden\" name=\"page_url\" value=\"https:\/\/fhservitec.com.br\/Site\/wp-json\/wp\/v2\/pages\/568\"><input type=\"hidden\" name=\"url_referer\" value=\"\"><button type=\"submit\" name=\"wpforms[submit]\" id=\"wpforms-submit-198\" class=\"wpforms-submit button color1\" data-alt-text=\"Sending...\" data-submit-text=\"Submit\" aria-live=\"assertive\" value=\"wpforms-submit\">Submit<\/button><\/div><\/form><\/div>  <!-- .wpforms-container -->\n<\/div>\n<\/div><\/div>\n","protected":false},"excerpt":{"rendered":"","protected":false},"author":1,"featured_media":0,"parent":0,"menu_order":0,"comment_status":"closed","ping_status":"closed","template":"","meta":{"jetpack_post_was_ever_published":false,"footnotes":""},"class_list":["post-568","page","type-page","status-publish","hentry"],"jetpack_sharing_enabled":true,"jetpack_shortlink":"https:\/\/wp.me\/PaUeSc-9a","_links":{"self":[{"href":"https:\/\/fhservitec.com.br\/Site\/wp-json\/wp\/v2\/pages\/568","targetHints":{"allow":["GET"]}}],"collection":[{"href":"https:\/\/fhservitec.com.br\/Site\/wp-json\/wp\/v2\/pages"}],"about":[{"href":"https:\/\/fhservitec.com.br\/Site\/wp-json\/wp\/v2\/types\/page"}],"author":[{"embeddable":true,"href":"https:\/\/fhservitec.com.br\/Site\/wp-json\/wp\/v2\/users\/1"}],"replies":[{"embeddable":true,"href":"https:\/\/fhservitec.com.br\/Site\/wp-json\/wp\/v2\/comments?post=568"}],"version-history":[{"count":3,"href":"https:\/\/fhservitec.com.br\/Site\/wp-json\/wp\/v2\/pages\/568\/revisions"}],"predecessor-version":[{"id":582,"href":"https:\/\/fhservitec.com.br\/Site\/wp-json\/wp\/v2\/pages\/568\/revisions\/582"}],"wp:attachment":[{"href":"https:\/\/fhservitec.com.br\/Site\/wp-json\/wp\/v2\/media?parent=568"}],"curies":[{"name":"wp","href":"https:\/\/api.w.org\/{rel}","templated":true}]}}